ue
Is 25098277 prime?
True
Is 3892547 prime?
False
Is 166332601 a composite number?
False
Is 22141 a prime number?
False
Is 23474201 a prime number?
True
Is 4761817 a composite number?
True
Is 49125547 a prime number?
True
Is 60532273 prime?
False
Is 1287203 a composite number?
True
Is 3774871 composite?
False
Is 5185073 a composite number?
True
Is 12778547 a prime number?
False
Is 67534847 a composite number?
False
Is 35565371 composite?
False
Is 137834803 a prime number?
True
Is 1681807 a prime number?
True
Is 5723371 a prime number?
False
Is 20349269 prime?
True
Is 15414049 prime?
False
Is 5831065 prime?
False
Is 101081 a prime number?
True
Is 10729867 a composite number?
False
Is 468328881 a prime number?
False
Is 17496827 prime?
True
Is 4302119 prime?
False
Is 45967697 prime?
False
Is 1081501 prime?
True
Is 769661 prime?
True
Is 2040443 a prime number?
True
Is 2534206 composite?
True
Is 3794647 a prime number?
True
Is 49162847 composite?
True
Is 952433 composite?
True
Is 6958319 a composite number?
False
Is 125083711 prime?
False
Is 14145493 prime?
True
Is 1462519 a prime number?
True
Is 54792587 a prime number?
True
Is 304459 a composite number?
False
Is 18232087 prime?
False
Is 10507165 a prime number?
False
Is 31808611 composite?
True
Is 14560097 composite?
False
Is 2652599 composite?
False
Is 7054 prime?
False
Is 15852457 a prime number?
True
Is 8865763 a composite number?
False
Is 6268585 composite?
True
Is 2212453 a composite number?
False
Is 11738099 a composite number?
True
Is 134703559 a composite number?
True
Is 8995373 a composite number?
False
Is 209776543 a prime number?
True
Is 7094749 composite?
False
Is 71445859 a composite number?
False
Is 87779323 a prime number?
True
Is 11679587 prime?
True
Is 17752577 a prime number?
False
Is 1468183 a composite number?
True
Is 117113611 prime?
False
Is 1941833 a prime number?
False
Is 5218721 composite?
False
Is 4556389 prime?
True
Is 218735743 a prime number?
True
Is 31252097 composite?
False
Is 19655435 composite?
True
Is 58728827 a prime number?
True
Is 311476843 a prime number?
True
Is 1353811 prime?
False
Is 404366 composite?
True
Is 16488471 a prime number?
False
Is 2162806 composite?
True
Is 15098529 a prime number?
False
Is 39813647 a composite number?
True
Is 124343447 composite?
True
Is 57386951 composite?
True
Is 1557047197 a composite number?
True
Is 71816747 composite?
True
Is 158756809 a prime number?
True
Is 27893687 composite?
True
Is 176501513 a composite number?
False
Is 28240294 composite?
True
Is 8071009 a composite number?
False
Is 175495631 a composite number?
False
Is 21605015 a composite number?
True
Is 21746174 composite?
True
Is 280619077 a composite number?
False
Is 11126019 a composite number?
True
Is 10750967 composite?
True
Is 55819667 composite?
False
Is 13068533 prime?
False
Is 27279929 prime?
True
Is 6937429 prime?
False
Is 578951 a prime number?
False
Is 3318379 composite?
True
Is 32776883 a composite number?
False
Is 88767979 prime?
True
Is 1001069 a prime number?
True
Is 17490841 a prime number?
False
Is 5500081 prime?
False
Is 1323409 composite?
False
Is 15114623 prime?
True
Is 4434691 composite?
False
Is 147731095 a composite number?
True
Is 15191983 a composite number?
True
Is 2337497 a composite number?
False
Is 9394883 prime?
False
Is 192451877 a composite number?
True
Is 6043351 a composite number?
False
Is 666115247 a prime number?
False
Is 123900683 composite?
False
Is 1577017 a composite number?
True
Is 13837717 composite?
True
Is 76387397 prime?
True
Is 7307063 composite?
False
Is 100790713 a prime number?
False
Is 20142131 a prime number?
True
Is 270617 a prime number?
False
Is 19471927 a prime number?
True
Is 62341711 a prime number?
True
Is 8040289 a prime number?
False
Is 5877737 a composite number?
False
Is 37003541 composite?
False
Is 491633 composite?
False
Is 4244739 a composite number?
True
Is 59706149 prime?
False
Is 679879 a prime number?
True
Is 134238023 prime?
True
Is 26402251 prime?
False
Is 299207081 a composite number?
False
Is 20379241 a prime number?
True
Is 100584223 prime?
False
Is 26115041 composite?
False
Is 15905159 prime?
True
Is 6271549 prime?
False
Is 8367053 prime?
True
Is 39090323 a composite number?
True
Is 128715493 composite?
False
Is 476285351 prime?
True
Is 3596819 a composite number?
False
Is 111505829 composite?
False
Is 42704287 a composite number?
True
Is 19349074 composite?
True
Is 9486385 a composite number?
True
Is 210878963 a composite number?
False
Is 504407165 a prime number?
False
Is 2498521 prime?
True
Is 646103 composite?
False
Is 180924889 a prime number?
False
Is 90812831 a prime number?
True
Is 2053911 a composite number?
True
Is 24212299 composite?
True
Is 39544177 composite?
True
Is 17269111 a prime number?
True
Is 180712583 prime?
True
Is 5367459 prime?
False
Is 8489983 a composite number?
True
Is 17949947 composite?
True
Is 48605966 composite?
True
Is 234921887 prime?
True
Is 22845679 a composite number?
False
Is 75985865 prime?
False
Is 127311 a prime number?
False
Is 165105667 prime?
True
Is 20846831 prime?
False
Is 871259 prime?
True
Is 47916494 prime?
False
Is 296823209 a prime number?
False
Is 106962881 a composite number?
False
Is 2575553 a composite number?
True
Is 25430585 composite?
True
Is 426549659 a composite number?
True
Is 36818801 a prime number?
True
Is 2541365 composite?
True
Is 1503583 prime?
True
Is 9646643 prime?
True
Is 11862934 composite?
True
Is 286478 composite?
True
Is 4044319 a prime number?
True
Is 353089993 a composite number?
True
Is 19859849 a prime number?
False
Is 223869 prime?
False
Is 2249113 a composite number?
False
Is 2492689 composite?
True
Is 118908379 a composite number?
False
Is 783317 prime?
True
Is 89462491 prime?
True
Is 18554011 composite?
True
Is 20194021 a composite number?
True
Is 117282619 a prime number?
False
Is 3091321 composite?
False
Is 15852187 composite?
True
Is 221207 a composite number?
True
Is 451481 composite?
False
Is 4375609 prime?
False
Is 3565421 composite?
True
Is 14154713 a prime number?
True
Is 819701 composite?
False
Is 13629287 a composite number?
True
Is 6043747 a prime number?
True
Is 6625235 composite?
True
Is 6979426 composite?
True
Is 30947753 a prime number?
False
Is 937093 a prime number?
False
Is 219671 composite?
True
Is 219197 a prime number?
False
Is 103145573 prime?
True
Is 7765031 a prime number?
False
Is 33946607 a composite number?
False
Is 3422701 composite?
True
Is 22532747 composite?
True
Is 6418499 a composite number?
False
Is 13902519 composite?
True
Is 624185423 a composite number?
False
Is 1823789 a prime number?
False
Is 940627 a prime number?
False
Is 989441 a prime number?
True
Is 20137883 composite?
False
Is 7891877 prime?
False
Is 2109859 prime?
False
Is 2281061 a prime number?
True
Is 380751401 a composite number?
False
Is 152537194 a prime number?
False
Is 467267 a composite number?
True
Is 335522857 a composite number?
False
Is 628373 prime?
True
Is 302547649 prime?
False
Is 6693991 a prime number?
True
Is 6361261 composite?
False
Is 1851154937 prime?
False
Is 784741 prime?
False
Is 1841997 prime?
False
Is 418885327 composite?
True
Is 2720603 a prime number?
True
Is 646949299 a prime number?
True
Is 6262621 composite?
False
Is 48963073 a composite number?
False
Is 389843 prime?
False
Is 225515743 prime?
False
Is 156701 prime?
False
Is 282248117 composite?
False
Is 348384467 a composite number?
False
Is 136184777 composite?
True
Is 37897063 prime?
False
Is 197518879 composite?
False
Is 364367221 a composite number?
False
Is 66964253 a prime number?
True
Is 1027535 a composite number?
True
Is 36657382 a prime number?
False
Is 5945969 a composite number?
True
Is 7773397 a prime number?
False
Is 615533 a composite number?
True
Is 223469313 prime?
False
Is 460205563 a prime number?
True
Is 439436467 a prime number?
True
Is 17459857 prime?
True
Is 5651962 prime?
False
Is 26997071 a composite number?
True
Is 16473733 composite?
False
Is 21338033 a composite number?
True
Is 586548407 a composite number?
False
Is 18228701 a prime number?
True
Is 1596211 a prime number?
True
Is 41078489 a composite number?
False
Is 221588533 prime?
True
Is 14823373 a prime number?
True
Is 21586087 a composite n